2*g**2 + g. Let y be m(1). Let s(d) be the first derivative of d**2/2 - 7*d + 9. Calculate s(y).
-4
Let u = -3 - -12. Let h be u/(-2) + 10/20. Let o(b) = b**3 + 3*b**2 - 3*b + 1. Give o(h).
-3
Let z(b) = 13*b - 4. Let m(k) = -4*k + 1. Let h(l) = -7*m(l) - 2*z(l). Let p(r) = -r**2 - 11*r + 6. Let d be p(-11). Suppose g = 4*g - d. Give h(g).
5
Let l(r) = r**2 + 4*r. Suppose -g + 4*g + 12 = 2*y, 4*g = 5*y - 16. What is l(g)?
0
Let u = -12 - -9. Let h be (2 + u)*(-1 + 0). Let w(r) = 2*r**3 + r**2 + r - 2. Let j(d) = -5*d**3 - 2*d**2 - d + 3. Let g(s) = -3*j(s) - 5*w(s). Calculate g(h).
5
Let m(d) = -3*d + 3. Let k be m(2). Let w(j) = -2*j**3 - j**2 - 3*j - 2. Let v(h) = -h**3 - 2*h**2 - 3*h - 1. Let y(s) = k*v(s) + 2*w(s). Give y(4).
11
Let w(z) = -4*z - 7. Let q(h) = 4*h + 2*h + 8 - h. Let j(a) = -3*q(a) - 4*w(a). Suppose 7*n + 0*n = -35. Determine j(n).
-1
Let z(c) = -c**2 + 2*c. Suppose 4*j - 48 = -4*g - 16, g + 12 = 3*j. Let n be z(g). Let b(u) = 3*u + 3 + 0*u + 2*u - 4*u. What is b(n)?
0
Let t(f) = f**3 + 5*f**2 - 3*f - 6. Let b(v) = 2*v**2 + 5*v + 3. Let w be b(-3). Let n = w - 11. What is t(n)?
9
Let v(g) = g**3 - g + 1. Let m be v(1). Let y(w) = w**2 - 2*w. What is y(m)?
-1
Let w(t) = 3*t. Let a be (0 + 0)/((-6)/3). Suppose 2*p + 3*p = 10. Suppose 3*f - f + p = a. Give w(f).
-3
Let y(u) be the first derivative of u**3 - u**2 - u - 4. Let k(w) = w**2 + w + 2. Let m be k(-2). Suppose t = -3*t - m. What is y(t)?
4
Let s be 2 + 1*-4 - -6. Suppose -s = -2*o + o. Let i(p) be the third derivative of p**5/60 - p**4/6 + 2*p**3/3 - 2*p**2. Determine i(o).
4
Let v(i) = i**2 - 12. Let w(p) = 3*p**2 + p - 35. Let l(m) = 11*v(m) - 4*w(m). Determine l(-6).
-4
Let y(i) = -i**2 - 5*i. Let l be y(-4). Let m(t) = -3*t - 2*t**2 - 1 - t**3 + l*t**2 + 2. What is m(2)?
-5
Let s(q) = -10*q - 1. Suppose 0 = 4*n + 5*x + 39, -2*n + 5*x = -0*n - 3. Let r = -5 - n. What is s(r)?
-11
Let d(i) = i**2 + 7*i - 4. Let a be d(-7). Let r = a - -4. Let m(c) = 0*c**2 - c + 3*c**2 - 8 + c**2 - 3*c**2. Calculate m(r).
-8
Let c(y) = 3*y**3 + y + 1. Let t = 1 + -1. Let x be -2*(t + (-3)/(-6)). Determine c(x).
-3
Suppose -3*z + 5*i = -27, -3*z - 2*i + 1 + 5 = 0. Let h(o) = 0 - 6 - o**2 + 13*o - 6*o. Give h(z).
6
Let k(i) = 5*i**2 + 2*i + 1. Let m be k(-1). Suppose -j - 8 = 3*j, -m*x = -4*j + 8. Let s(u) = u + 4. Give s(x).
0
Let t(m) = m**3 + 4*m**2 + m + 1. Let a be t(-4). Let x(d) = -d**3 - 3*d**2 - 2*d - 2. Give x(a).
4
Let q(x) = 3*x - 1. Let o(f) = -10*f + 4. Let l(s) = -2*o(s) - 7*q(s). What is l(-1)?
0
Let u(q) = q**2 + 13*q + 11. Let x be u(-12). Let p be x/((-2)/3 - -1). Let m(t) = t**2 + 5*t + 4. What is m(p)?
-2
Let j(g) = g + 6. Suppose -5*k = -2*i + 27, -5*k + 5*i - 22 = 8. Calculate j(k).
1
Let c(p) = -p - 7. Let i be c(-7). Let r(j) = -5*j + 3. Let v(s) = 11*s - 5. Let l(g) = -9*r(g) - 4*v(g). Calculate l(i).
-7
Let c(p) be the third derivative of 0*p**3 + 1/8*p**4 + 1/180*p**6 - 1/40*p**5 + 0 + 0*p + 2*p**2. Let i(v) be the second derivative of c(v). Calculate i(2).
5
Let a be (-231)/(-84) + (-2)/(-8). Let z(y) be the third derivative of -1/30*y**5 + 0 + 0*y**4 + 1/120*y**6 - a*y**2 + 0*y - 1/3*y**3. Determine z(2).
-2
Let u(b) = b**2 + b. Let j = 21 + -22. Determine u(j).
0
Let k be (4 + 0)*1/4. Let v(o) = -2*o + k - 3 + 5 - 4*o**2 - 2. Determine v(1).
-5
Let b(y) = 9*y**3 + y**2. Suppose -l = 2*h - 8, h + 2*l - 7 = -3. Suppose -h*x = x. Let r be (-1 - x) + 0/(-3). Give b(r).
-8
Let f(a) = -a**3 + 3*a - 2. Let m be 3 - 1 - (-1 + 1). Let c(q) = -q - 3 - 2 + m. Let o be c(-5). What is f(o)?
-4
Let i(z) = -5*z**3 - 2*z**2 - 9*z + 3. Let p(h) = h**3 - h**2 + h + 1. Let x(y) = -i(y) - 4*p(y). What is x(-5)?
-7
Suppose 0 = -4*x - 2*c + 3*c, 3*c = 4*x. Let b(h) = -4 + x*h - 2 + 2 + h**2 + 4*h. Determine b(-4).
-4
Suppose -3*i - 1 = -2*o - 14, -5*i + 13 = o. Suppose -5*m + 12 + i = 0. Let k(y) = -6 + 4*y + 3*y**2 - y**2 + 4 - y**m. Determine k(3).
1
Let j(l) = 0*l - 4*l + 3*l + 4. Suppose i - 1 = -5. What is j(i)?
8
Let s(j) = 14*j + 9. Let b(g) be the second derivative of -5*g**3/6 - 3*g**2/2 - g. Let n(z) = 11*b(z) + 4*s(z). Let o be (2 + -2 + 0)*1. Calculate n(o).
3
Let w(t) = 6*t + 1. Let a be (12/6)/((-2)/(-4)). Suppose -c + 13 = a*c + 4*b, -4*c + 12 = 4*b. What is w(c)?
7
Let t(l) = -3*l**3 - 2*l**3 + 4*l**3 - 2*l**2 - l**2 + 5 + 6*l. Give t(-4).
-3
Let k(m) = m. Suppose 3*t = -0*a - 5*a - 24, -4*a - 2*t = 20. Calculate k(a).
-6
Let a(o) be the third derivative of o**5/30 + o**3/6 + 8*o**2. Let s be (4/(-2))/(-2)*0. Suppose -t = -s*t + 1. Calculate a(t).
3
Let m(v) = -4*v**2 - 2*v + 2. Let t = 11 - 13. Give m(t).
-10
Let m(w) = w + 10. Let g be m(-13). Let v(o) = o**3 + 6*o**2 + 5*o + 3. Determine v(g).
15
Let l(c) be the first derivative of c - c**2 - 2 + 5/2*c**4 + 2/3*c**3. Give l(1).
11
Let q(k) = -2*k**2 - 6*k. Let s(h) = h**2. Let l(g) = -q(g) - 3*s(g). Give l(5).
5
Let g(q) = -2*q**2 - 10*q - 9. Let p = -100 - -94. Determine g(p).
-21
Let r(w) = w**3 + 4*w**2 - 8*w - 7. Let v(f) = -f**3 - 3*f**2 + 7*f + 6. Let q(j) = -2*r(j) - 3*v(j). Suppose 0 = -5*l + l - 16. Let u = l + 1. What is q(u)?
-7
Let v(c) = -c + 1. Suppose 0 = -6*h - 24 + 12. Determine v(h).
3
Suppose -3*g = g. Suppose g + 2 = -x. Let p(q) = -3*q**2 - 4*q - 4 + 0*q**2 + 2 - q**3. Calculate p(x).
2
Let f(r) = 3*r + 60. Let t be f(-18). Let q(l) = l**2 - 6*l - 7. Give q(t).
-7
Suppose 10 = 2*h + 3*h. Let r(s) = -h*s + s - 1 + 2*s - 1. What is r(7)?
5
Suppose 0 = -4*p + 8 + 8. Suppose 35 = 4*b + 5*i + 3, 5*b - 7 = 2*i. Let w(j) = 1 - j**2 + 0*j + b*j - 2. Give w(p).
-5
Let c(d) = -d**3 + 14*d**2 - 7*d - 76. Let a be c(13). Let t(m) = 9*m - 3. Let p(j) = 5*j - 2. Let s(y) = -5*p(y) + 3*t(y). Determine s(a).
5
Let a(m) = m**2 - m - 1. Let x = -27 - -31. Determine a(x).
11
Let y = 73 + -7. Let m(x) = 11*x - 4*x - y*x**2 + 67*x**2 + 7. Calculate m(-6).
1
Suppose -t + 9 - 10 = 0. Let q(m) = -9*m**2 - m. What is q(t)?
-8
Let c(z) = -2*z - 9. Let f be (-8 + -1)*(-2 - -4). Let v be 4/f - 61/9. Give c(v).
5
Let g(w) = w**3 - 8*w**2 - 9*w - 2. Suppose -25*u + 11*u = -126. Determine g(u).
-2
Suppose -64*o = -69*o + 30. Let r(t) = t**3 - 6*t**2 + 3*t + 5. Determine r(o).
23
Let z(u) = -u**3 + 4*u**2 + 4*u - 1. Let b(j) = -3 + j + 5*j + j - j**2. Let h be b(6). Suppose -l = -h*l + 10. Determine z(l).
-6
Let n(u) = 21*u - 4. Let x(a) = -4*a + 1. Let w(s) = -2*n(s) - 11*x(s). Determine w(-4).
-11
Let a(x) = -2*x + 14. Let j(q) be the first derivative of q**2/2 - 9*q + 7. Let n(o) = -5*a(o) - 8*j(o). What is n(-2)?
-2
Let t = 17 - 16. Let y(c) = 0 - 6*c**2 - t + 14*c - 15*c. Determine y(-1).
-6
Let f(w) = -4*w - 5. Suppose -5*c + 20 = -c + 5*m, 5*c - 5*m = 25. Let k be (0 + -3)*(-2)/6. Let v(r) = -r + 1. Let g(y) = c*v(y) + k*f(y). Determine g(-1).
9
Let c(h) be the second derivative of h**4/12 + 5*h**3/6 + h**2 - 3*h. What is c(-2)?
-4
Let k(y) = -4*y**2 - 2*y + 6. Let l(h) = -5*h**2 - h + 6. Let f(c) = 6*k(c) - 5*l(c). What is f(5)?
-4
Let i(g) = g**3 + g**2 - 1. Suppose 7 = -7*c + 14. Give i(c).
1
Suppose 4*w - 6 = w. Let m = w + 0. Let d(u) = -2 + 7 - 2 + u**m + 6*u. Give d(-5).
-2
Let f(u) = 6*u**2 + 36. Let i(o) = o**2 + 7. Let m(c) = -2*f(c) + 11*i(c). Suppose 7*r = 10*r. Give m(r).
5
Let o(k) = 14*k**3 - 15*k**2 + 13*k + 4. Let i(m) = -5*m**3 + 5*m**2 - 4*m - 1. Let y(z) = 17*i(z) + 6*o(z). Calculate y(-6).
-17
Suppose 6*g = g - 2*q + 10, 0 = -2*q. Let x be (-4)/(-2)*(g - 0). Let m(l) be the third derivative of -l**6/120 + l**5/20 + l**4/6 - l**3/6 - l**2. Give m(x).
-1
Let q(w) = 7*w**3 - 13*w**2 + 15*w. Let o(j) = 15*j**3 - 27*j**2 + 31*j + 1. Let u(k) = -6*o(k) + 13*q(k). Determine u(6).
12
Let z(l) be the second derivative of l**3 - l - 1/120*l**6 + 1/12*l**4 + l**2 - 1/15*l**5 + 0. Let w(h) be the first derivative of z(h). Calculate w(-4).
-2
Let c(n) = 2*n**2 + 4*n - 3. Let h(q) = 4*q**2 + 9*q - 7. Let u(b) = -5*c(b) + 2*h(b). Let o be u(1). Let f(z) = -z**2 - 3*z. Give f(o).
0
Let q be 1 + 0*(-1)/2. Let m(l) = -4 - q + 8*l + 4. Calculate m(1).
7
Let i be ((-3)/4)/((-6)/16). Suppose -5 = -3*q - i. Let y(r) be the second derivative of 2*r**5/5 - r**4/12 - 2*r. Calculate y(q).
7
Let l be (-8)/(-20) + 28/5. Let c be 1/(-2) + 27/l. Let p(f) = 2*f - 4. Calculate p(c).
4
Let p(q) = q**2 - 4*q - 10. Let 